) to base 4.
-3
What is 60 (base 10) in base 14?
44
What is 135 (base 6) in base 15?
3e
0 (base 11) to base 12
0
Convert 11 (base 9) to base 12.
a
3 (base 10) to base 15
3
Convert 137 (base 8) to base 11.
87
Convert 3b (base 13) to base 12.
42
Convert -2 (base 7) to base 8.
-2
-1201 (base 4) to base 2
-1100001
Convert -2 (base 16) to base 4.
-2
What is -3 (base 7) in base 16?
-3
What is -2212 (base 4) in base 14?
-bc
2 (base 8) to base 6
2
1 (base 14) to base 11
1
Convert -194 (base 10) to base 12.
-142
Convert 1 (base 5) to base 13.
1
Convert 7d (base 14) to base 7.
216
What is -1 (base 16) in base 10?
-1
What is -31 (base 5) in base 2?
-10000
-30 (base 6) to base 3
-200
-32 (base 5) to base 2
-10001
Convert 102 (base 5) to base 13.
21
-211 (base 6) to base 10
-79
-1 (base 13) to base 2
-1
What is 81 (base 13) in base 12?
89
Convert 3 (base 10) to base 15.
3
-197 (base 11) to base 6
-1015
Convert -2 (base 4) to base 8.
-2
-3d (base 14) to base 9
-61
Convert 2 (base 6) to base 15.
2
Convert 4 (base 15) to base 12.
4
2 (base 7) to base 5
2
What is 230 (base 7) in base 8?
167
Convert 9b (base 16) to base 10.
155
Convert 3 (base 13) to base 3.
10
What is -102120 (base 3) in base 14?
-184
-13 (base 6) to base 11
-9
1 (base 3) to base 8
1
What is 10021 (base 3) in base 10?
88
What is 22 (base 4) in base 7?
13
Convert -2b (base 15) to base 16.
-29
What is 314 (base 5) in base 16?
54
What is -23 (base 4) in base 5?
-21
Convert 13 (base 12) to base 4.
33
What is -137 (base 16) in base 12?
-21b
What is 120 (base 4) in base 2?
11000
-8b (base 12) to base 3
-10222
32 (base 5) to base 4
101
11121 (base 3) to base 13
97
Convert -131 (base 8) to base 7.
-155
1 (base 10) to base 13
1
122 (base 3) to base 6
25
Convert d (base 15) to base 2.
1101
What is -56 (base 12) in base 3?
-2110
-f (base 16) to base 3
-120
Convert 11 (base 3) to base 7.
4
14 (base 9) to base 2
1101
Convert -3031 (base 4) to base 7.
-412
What is -1344 (base 6) in base 8?
-540
Convert 4 (base 5) to base 12.
4
What is -9 (base 16) in base 4?
-21
-248 (base 13) to base 12
-292
Convert -65 (base 11) to base 12.
-5b
-1110 (base 3) to base 16
-27
Convert 21 (base 6) to base 2.
1101
What is 11100001 (base 2) in base 15?
100
-100102 (base 3) to base 4
-3332
-1011 (base 2) to base 4
-23
What is 1 (base 12) in base 10?
1
What is -17 (base 8) in base 14?
-11
Convert -3 (base 15) to base 8.
-3
-266 (base 10) to base 2
-100001010
What is -b (base 14) in base 7?
-14
Convert 13 (base 7) to base 15.
a
Convert -6 (base 12) to base 9.
-6
-a (base 13) to base 12
-a
What is -12 (base 5) in base 8?
-7
What is -2 (base 8) in base 15?
-2
Convert -3 (base 6) to base 13.
-3
-160 (base 15) to base 14
-187
What is 2 (base 5) in base 15?
2
32 (base 10) to base 5
112
What is -16 (base 15) in base 9?
-23
Convert 101001 (base 2) to base 3.
1112
3 (base 7) to base 15
3
What is 1 (base 7) in base 15?
1
Convert -4 (base 5) to base 15.
-4
Convert 8 (base 10) to base 11.
8
-21 (base 5) to base 15
-b
0 (base 2) to base 3
0
Convert 20 (base 9) to base 4.
102
Convert 12d (base 15) to base 11.
224
Convert -346 (base 7) to base 8.
-265
251 (base 6) to base 14
75
What is -13 (base 4) in base 2?
-111
-22 (base 4) to base 11
-a
0 (base 14) to base 15
0
Convert -3 (base 8) to base 3.
-10
What is -38 (base 13) in base 2?
-101111
Convert 4 (base 9) to base 13.
4
Convert 15 (base 11) to base 15.
11
What is 0 (base 12) in base 11?
0
What is 192 (base 13) in base 6?
1200
Convert 114 (base 7) to base 10.
60
What is 36 (base 12) in base 9?
46
What is -2120 (base 3) in base 6?
-153
124 (base 12) to base 13
103
What is -2 (base 11) in base 8?
-2
231 (base 7) to base 13
93
What is 6 (base 10) in base 11?
6
-1111 (base 2) to base 13
-12
Convert 2 (base 5) to base 14.
2
Convert -100 (base 2) to base 13.
-4
What is 2 (base 16) in base 6?
2
Convert 59 (base 15) to base 14.
60
What is 16 (base 7) in base 5?
23
What is 2 (base 13) in base 2?
10
What is -2 (base 15) in base 16?
-2
What is -1110 (base 2) in base 11?
-13
122 (base 12) to base 6
442
What is 2 (base 3) in base 5?
2
What is 3 (base 12) in base 13?
3
4 (base 5) to base 16
4
What is -1 (base 4) in base 9?
-1
What is -14 (base 16) in base 3?
-202
Convert 213 (base 11) to base 9.
314
What is 4 (base 13) in base 2?
100
2101 (base 3) to base 4
1000
What is 26 (base 15) in base 14?
28
Convert -3 (base 9) to base 7.
-3
8 (base 12) to base 7
11
Convert 1 (base 10) to base 9.
1
-1 (base 7) to base 5
-1
Convert -4a (base 14) to base 4.
-1002
Convert -37 (base 8) to base 11.
-29
Convert -1001 (base 3) to base 10.
-28
-de (base 16) to base 2
-11011110
Convert 1 (base 5) to base 7.
1
-2c (base 16) to base 13
-35
0 (base 5) to base 6
0
What is -b9 (base 13) in base 12?
-108
Convert 20 (base 3) to base 8.
6
111 (base 3) to base 10
13
What is 2 (base 4) in base 6?
2
Convert -7 (base 14) to base 3.
-21
What is -3 (base 13) in base 2?
-11
Convert -98 (base 12) to base 4.
-1310
6 (base 10) to base 9
6
What is -5 (base 10) in base 4?
-11
-1010 (base 2) to base 11
-a
What is 302 (base 4) in base 6?
122
-104 (base 7) to base 12
-45
13 (base 12) to base 11
14
What is -232 (base 4) in base 3?
-1201
1 (base 3) to base 16
1
Convert 14 (base 16) to base 7.
26
What is 6 (base 13) in base 10?
6
Convert -81 (base 13) to base 9.
-126
18d (base 16) to base 2
110001101
Convert 20 (base 3) to base 10.
6
Convert 44 (base 16) to base 3.
2112
136 (base 9) to base 7
222
-1010011 (base 2) to base 5
-313
Convert 5 (base 9) to base 14.
5
What is -164 (base 7) in base 2?
-1011111
What is -7 (base 8) in base 7?
-10
-3 (base 8) to base 7
-3
10 (base 3) to base 11
3
What is 0 (base 4) in base 9?
0
What is -1 (base 8) in base 16?
-1
-2 (base 12) to base 11
-2
What is 0 (base 8) in base 9?
0
-214 (base 8) to base 2
-10001100
What is 44 (base 11) in base 5?
143
Convert 14a (base 12) to base 13.
127
-1 (base 3) to base 9
-1
Convert 2 (base 10) to base 15.
2
What is 3 (base 12) in base 15?
3
Convert 2 (base 16) to base 3.
2
-12 (base 14) to base 11
-15
-2 (base 7) to base 11
-2
-4a (base 15) to base 8
-106
What is -4 (base 10) in base 5?
-4
Convert -6 (base 12) to base 14.
-6
Convert 0 (base 13) to base 2.
0
What is 10 (base 5) in base 11?
5
Convert 70 (base 14) to base 5.
343
Convert 12 (base 15) to base 7.
23
-18 (base 16) to base 4
-120
Convert -1 (base 9) to base 10.
-1
-6 (base 9) to base 12
-6
-1231 (base 4) to base 7
-214
What is -22002 (base 3) in base 5?
-1333
Convert 0 (base 3) to base 6.
0
What is 7 (base 8) in base 7?
10
Convert 2 (base 13) to base 6.
2
-15 (base 10) to base 4
-33
Convert -32 (base 10) to base 2.
-100000
What is a (base 13) in base 5?
20
Convert -11301 (base 4) to base 6.
-1413
0 (base 5) to base 2
0
What is 6 (base 7) in base 4?
12
-18 (base 13) to base 9
-23
Convert 11b (base 12) to base 5.
1132
Convert 1 (base 10) to base 7.
1
-3 (base 5) to base 4
-3
Convert 200 (base 3) to base 11.
17
18 (base 12) to base 10
20
What is 111101 (base 2) in base 5?
221
Convert -1 (base 3) to base 11.
-1
Convert 164 (base 9) to base 5.
1024
1015 (base 6) to base 3
22102
What is 23 (base 14) in base 4?
133
What is -121 (base 6) in base 12?
-41
Convert -311 (base 6) to base 10.
-115
What is -102 (base 3) in base 11?
-10
Convert -102 (base 5) to base 13.
-21
What is 15b (base 13) in base 14?
137
-102112 (base 3) to base 11
-263
What is 0 (base 4) in base 15?
0
Convert 2 (base 7) to base 15.
2
What is -26 (base 10) in base 6?
-42
Convert 18 (base 15) to base 7.
32
What is 4 (base 6) in base 15?
4
20 (base 11) to base 15
17
What is -4 (base 8) in base 2?
-100
64 (base 12) to base 8
114
Convert -1 (base 8) to base 11.
-1
b (base 14) to base 2
1011
What is -101011 (base 2) in base 7?
-61
Convert 123 (base 4) to base 14.
1d
443 (base 7) to base 3
22102
-2 (base 12) to base 7
-2
Convert -6 (base 16) to base 14.
-6
3 (base 16) to base 4
3
1 (base 16) to base 9
1
What is 13 (base 7) in base 12?
a
Convert -2 (base 12) to base 11.
-2
b6 (base 12) to base 2
10001010
Convert -540 (base 7) to base 15.
-133
5 (base 15) to base 8
5
-4 (base 8) to base 4
-10
What is -1123 (base 4) in base 14?
-67
99 (base 14) to base 11
113
-1a (base 16) to base 11
-24
-2 (base 3) to base 5
-2
What is -4 (base 7) in base 3?
-11
What is -113 (base 6) in ba